*u, 4*u - 2*y - 74 = -p*y. Is u prime?
False
Let b be (-30)/(-3 - -8)*-2. Is (3*956/b)/1 a prime number?
True
Suppose -5*p - 580 = 2*r - 4441, -5*p = -5*r - 3840. Let j = 1324 - p. Is j prime?
False
Suppose 2*s = 0, -4*v + 0*s + 76 = -2*s. Suppose -2*q + 6 = -4*q, v = -a - 5*q. Is (-2)/(-4) - 594/a composite?
False
Let n be -2*(-2)/4 - -2. Suppose -510 = -n*w - 3*r, 0*w + 2*w + 3*r - 341 = 0. Is w a composite number?
True
Let b(g) = g**2 + g + 191. Let d be b(0). Suppose 139 = 2*u - d. Suppose 0 = -3*t - 2*t + 5*v + u, 2*v - 8 = 0. Is t a composite number?
False
Let u(n) = 671*n**3 + 2*n**2 - 13*n + 5. Is u(3) prime?
False
Let g = 42 - 44. Is -2*(697/g + -1) a composite number?
True
Let t be (45/(-18))/((-1)/(-2)). Is (1194 - (8 + t))*1 a composite number?
True
Let q(z) = -z**2 - 7*z - 19. Let f be q(-11). Is (-3)/21 + (-25776)/f composite?
False
Suppose -2*d + 6*d = 0. Suppose 2*u - 4 = d, -4*k - 3*u = -4*u - 1274. Is k composite?
True
Suppose 8*s - h = 7*s + 2516, 3*h - 7578 = -3*s. Is s a composite number?
False
Let w(j) = j**2 - 2*j - 1. Let f be w(3). Let k be (f - 0) + -2 + 10. Suppose -190 = 8*b - k*b. Is b a composite number?
True
Suppose 0 = -3*m + 3*t + 15, -m + 2*t + 14 = 3*m. Suppose -5*b + 3*i = -b - 30, 0 = -i + m. Suppose -b*z = -5*z - 124. Is z a composite number?
False
Is (7 - 2072)/(-7) - 6 prime?
False
Suppose -5*j + 0 = 10. Let z(o) = -37*o**2 - 4*o - 3. Let p be z(j). Let y = p - -520. Is y composite?
True
Let i be -1*1563/(-6)*2. Suppose n + 1040 = 3*u, 4*n - 1566 + i = -3*u. Is u prime?
True
Let l(w) = -12*w + 43. Let j be l(14). Let f = j + 194. Is f a prime number?
False
Is (-304947)/(-45)*5 + -6 a composite number?
True
Let t(l) = l**3 - 11*l**2 - 25*l - 14. Let q be t(13). Suppose 4*p - 4 - 12 = 0. Is p - (3 - q) - -337 a prime number?
True
Let t = 4847 + -3190. Is t a prime number?
True
Let l(r) = 6*r**2 - 7*r - 2. Let q be l(6). Let z = 272 - q. Let j = z + 327. Is j prime?
False
Suppose 4*n + 2*r - 886 = 0, -5*r + 10*r = -2*n + 423. Let v be n*(-2 + 3/1). Suppose -12 + v = 4*g. Is g a composite number?
False
Let k = -16 + 60. Let q be k + -9 + (-4)/(-2). Let t = q - -84. Is t a composite number?
True
Let g be 60/(-9)*354/(-4). Suppose 0 = 2*m + 3*m - g. Is m a composite number?
True
Let w(v) = 16*v**2 + 34*v - 92. Is w(33) a prime number?
False
Let v(n) be the first derivative of n**4/4 + 8*n**3 + 9*n**2 + 28*n - 6. Is v(-21) prime?
False
Let i = 101 + -92. Suppose -4*o - 4*p + 82 = p, -5*p - 8 = -o. Let x = o - i. Is x prime?
False
Let f be ((-4)/6)/(4*(-1)/9606). Suppose 2*h + f = 7287. Is h a prime number?
True
Suppose -5*f + 6*f - 3 = 0. Let d(l) = l**3 - 4*l**2 + 4. Let s be d(f). Let k(h) = -3*h**3 - h**2 + 7*h + 2. Is k(s) a prime number?
True
Let j(l) = 15*l**2 + 59*l + 41. Is j(-56) prime?
True
Let z be -3*(0 + 8/(-3)). Suppose -5*t - 15 = -z*t. Is 5/(-25) - (-16)/t a composite number?
False
Suppose -5*q = -w - 1795 - 1030, -2269 = -4*q - w. Let v(j) = 36*j - 7. Let s be v(9). Let z = q - s. Is z a prime number?
False
Suppose -26*f + 31*f - 955 = 0. Let j = f - 126. Is j a composite number?
True
Suppose 0 = i + 2*i. Suppose i*r = 4*r. Suppose r = -5*p + 1838 - 323. Is p a prime number?
False
Suppose 2*x - 3*s - 11853 = 0, -x + 6*s + 5944 = s. Is x prime?
False
Suppose 37*v = 35*v + 2606. Let n = v + -110. Is n composite?
False
Let y = -122 + 121. Is 3833/(2*(2/(-4))/y) prime?
True
Let t(o) = o + 1187. Suppose -4*z + 10 = 2*g, 5*g - 17 - 8 = -4*z. Is t(z) a prime number?
True
Let i(p) = -p**2 - p. Let x(r) = -6*r**2 + 11*r - 3. Let a(w) = -4*i(w) - x(w). Is a(8) a prime number?
True
Suppose 44*s - 182701 = 2387031. Is s composite?
False
Suppose -38 = -f - f. Suppose 3*m + 6 + 19 = 4*s, m + f = 4*s. Let i = 8 - m. Is i prime?
True
Suppose 2*p + q - 9 = 0, -p + 6*q = q + 12. Let r(c) = 4*c - 2. Let g be r(p). Is -3 - -1*13*g a prime number?
True
Suppose 5*o + s - 497 = 0, 4*o = -0*s - 4*s + 404. Suppose 0 = 5*j + o - 374. Is j a composite number?
True
Suppose 0 = -2*v - 6*w + 8*w + 72318, 3*w - 180755 = -5*v. Is v composite?
True
Let h = 15421 + -8002. Is h prime?
False
Let s(l) = -l**3 + 12*l**2 + 3*l - 1. Is s(9) a composite number?
False
Suppose 4*n = n. Let m = 0 + n. Suppose 126 = 6*l - m*l. Is l a composite number?
True
Is 18/(-24)*(-68308)/3 a prime number?
True
Let t = 45009 + -2542. Is t a prime number?
True
Let o be 6*(3/15)/(6/105). Let p = 76 - o. Is p prime?
False
Let u(b) be the third derivative of b**5/60 + 3*b**4/8 - 11*b**3/6 + 6*b**2. Is u(6) a prime number?
True
Suppose t + 574884 = 37*t. Is t a composite number?
True
Let a(w) = 105*w**3 + 5*w**2 - w + 7. Let c(b) = b**2 - b + 1. Let t(r) = -a(r) + 3*c(r). Is t(-3) a composite number?
False
Let o(k) = -18*k**3 + k**2 + 20*k + 42. Is o(-13) prime?
False
Let b(k) = k**2 + k - 1. Let l be b(-3). Let x be (262/(-6))/(l/15). Let p = -2 - x. Is p prime?
False
Let t(d) = -d**3 + d**2 + 267. Let x be (-14)/(-21)*(-42)/4. Let r be 32/(-112) - 2/x. Is t(r) a composite number?
True
Suppose 4*d = 371 + 165. Suppose -a + 5*w + d + 353 = 0, 487 = a + w. Is a prime?
True
Suppose 18664 = -10*s + 18*s. Is s a composite number?
False
Let l = 8 - 8. Suppose -5*i = -2*z - 276, -4*z = -l*i - 4*i + 216. Let p = i - 5. Is p composite?
True
Let v = 5379 - 2270. Is v prime?
True
Let a(p) = -p**2 - 7*p. Let g be a(-7). Let u be -5 + -2 + 3 - g. Let s(t) = -t**3 - 2*t**2 + 4*t + 3. Is s(u) a composite number?
False
Let n be (-7)/14*2*-2. Suppose -x + n*x = 5*d + 391, 4*d + 16 = 0. Is x composite?
True
Suppose -5 = c - 10, 0 = 2*b + 5*c - 11139. Is b prime?
True
Suppose -5*n + 1606 + 2983 = -3*z, 3*z = -3*n + 2763. Is n a prime number?
True
Let a(y) = -356*y**3 + 9*y**2 + 31*y + 25. Is a(-6) a prime number?
False
Suppose -2*j - 4*c - c + 193 = 0, 5*j - 5*c - 395 = 0. Is (-10737)/(-21) - 24/j composite?
True
Is 6/4 + 359150/100 a prime number?
True
Let w be (-100)/(-26) - 6/(-39). Suppose -5*l + 18 = w*r - r, 0 = r + 5*l - 6. Suppose 0 = 5*c - j - 459, -3*c + r*c = -j + 269. Is c composite?
True
Is (23/(-92))/((-2)/8936) prime?
True
Suppose 4*y + 2*d = -3*d + 6227, -2*y = d - 3115. Suppose 0*m = 3*m - n - y, -5*m + 2570 = 5*n. Suppose -11*i = -13*i + m. Is i prime?
False
Suppose 3*k = 5*u - 2497, -u + 3*k = -306 - 203. Is u a prime number?
False
Let z(i) = -i + 1162. Let w be z(0). Suppose 5*l = -2*l + w. Is l prime?
False
Suppose -3*w + 3554 + 6199 = 0. Is w a prime number?
True
Let v be 28/(-238) - 72/(-34). Suppose -v*x + 9260 = 2*x. Suppose -2*h + x = 5*k, -20 = 5*k - 5. Is h a composite number?
True
Let a be ((-4)/12 - 7/6)*-1544. Suppose -4*v - 4*i + 6088 + a = 0, -3*i + 2105 = v. Is v composite?
False
Let y(a) = -a**3 - 11*a**2 - 13*a - 10. Let o be y(-10). Let g be 34/10 + 12/o. Suppose -g*s + 10*s = 582. Is s a prime number?
True
Let o(u) = 2272*u**2 - 6*u + 1. Is o(-2) a composite number?
True
Let f(x) = x**3 + x**2 + 169 - 3*x**3 + x**3 + x. Let d be f(0). Suppose 4*j - 3*j = d. Is j a prime number?
False
Suppose -3*x + 85150 - 14659 = 5*b, 2*x - 2*b - 46994 = 0. Is x a composite number?
False
Let r(n) = -7*n - 1. Let h be r(-4). Let l be h/(-18)*(-3404)/6. Let k = -594 + l. Is k a composite number?
False
Suppose 4*u + 1478 = 2*w - 888, 5*w = -5. Let h = u - -1065. Is h composite?
True
Let d(o) = 70*o - 3. Suppose 0*f + 2*f - 30 = 0. Suppose f*g = 13*g + 16. Is d(g) a composite number?
False
Suppose 9 = -3*t, 4*t = -5*a + 3*t - 68. Let r = -4 - a. Suppose -r = 4*f - 21, -5*q - 3*f = -84. Is q prime?
False
Let l = -114326 + 31584. Is (8/36 - l/18) + -2 a composite number?
True
Suppose -6899 = -i - 2*m + 5*m, -4*i - 3*m = -27656. Is i a prime number?
True
Let b(g) = 46836*g**2 + 15*g + 2. Is b(1) a composite number?
False
Suppose -6596 = -2*m + 5*j, 4*j = 3*j - 2. Is m composite?
True
Let o be 1 + -318 - 3/(-3). Let l = o - -790. Let z = 805 - l. Is z a prime number?
True
Suppose 3 = 4*y - 3*m, -1 = 5*y - 2*m - 3. Suppose y = -3*l - l + 1364. Is l a composite number?
True
Suppose -p + 3 = 0, k + 2 = 2*p - 2. Suppose -3 = -3*d + k*m, 4*d - 3*d + m - 1 = 0. Is d + (-1)/(3/(-102)) composite?
True
Let s(x) = x**3 - 5*x**2 - 7*x + 6. Suppose y = -5*q + 32, y = 7*q - 2*q - 38. Is s(q) a prime number?
False
Let t(m) = 8*m + 3. Let u be t(15). Is (14 + -3)*u/6*2